1291.
1291
What are the prime factors of 15857?
101, 157
What are the prime factors of 1172?
2, 293
List the prime factors of 1021.
1021
What are the prime factors of 236?
2, 59
List the prime factors of 1198.
2, 599
List the prime factors of 4371.
3, 31, 47
List the prime factors of 1990.
2, 5, 199
List the prime factors of 3297.
3, 7, 157
List the prime factors of 347.
347
List the prime factors of 15851.
11, 131
List the prime factors of 2297.
2297
What are the prime factors of 187?
11, 17
List the prime factors of 42605.
5, 8521
List the prime factors of 29095.
5, 11, 23
What are the prime factors of 16145?
5, 3229
List the prime factors of 559.
13, 43
What are the prime factors of 9530?
2, 5, 953
What are the prime factors of 10553?
61, 173
List the prime factors of 18628.
2, 4657
What are the prime factors of 1249?
1249
What are the prime factors of 5438?
2, 2719
List the prime factors of 85.
5, 17
What are the prime factors of 263?
263
List the prime factors of 8547.
3, 7, 11, 37
What are the prime factors of 1157?
13, 89
What are the prime factors of 1280?
2, 5
List the prime factors of 10406.
2, 11, 43
What are the prime factors of 7605?
3, 5, 13
What are the prime factors of 9662?
2, 4831
What are the prime factors of 6332?
2, 1583
List the prime factors of 559.
13, 43
What are the prime factors of 656?
2, 41
List the prime factors of 6619.
6619
What are the prime factors of 4501?
7, 643
List the prime factors of 499.
499
List the prime factors of 8503.
11, 773
What are the prime factors of 80809?
80809
List the prime factors of 3093.
3, 1031
List the prime factors of 24472.
2, 7, 19, 23
List the prime factors of 3366.
2, 3, 11, 17
What are the prime factors of 832?
2, 13
List the prime factors of 482.
2, 241
What are the prime factors of 1231?
1231
What are the prime factors of 154?
2, 7, 11
List the prime factors of 454.
2, 227
What are the prime factors of 775?
5, 31
List the prime factors of 12197.
12197
What are the prime factors of 1829?
31, 59
What are the prime factors of 52604?
2, 13151
What are the prime factors of 128341?
128341
What are the prime factors of 2836?
2, 709
List the prime factors of 5112.
2, 3, 71
What are the prime factors of 125999?
163, 773
List the prime factors of 728.
2, 7, 13
What are the prime factors of 1936?
2, 11
What are the prime factors of 15144?
2, 3, 631
What are the prime factors of 196?
2, 7
What are the prime factors of 17937?
3, 1993
What are the prime factors of 7425?
3, 5, 11
What are the prime factors of 7754?
2, 3877
List the prime factors of 2765.
5, 7, 79
What are the prime factors of 564?
2, 3, 47
What are the prime factors of 122736?
2, 3, 2557
List the prime factors of 859.
859
What are the prime factors of 39275?
5, 1571
What are the prime factors of 6203?
6203
What are the prime factors of 81075?
3, 5, 23, 47
What are the prime factors of 1269?
3, 47
List the prime factors of 809.
809
List the prime factors of 6535.
5, 1307
List the prime factors of 379.
379
What are the prime factors of 3974?
2, 1987
List the prime factors of 135.
3, 5
What are the prime factors of 32471?
19, 1709
What are the prime factors of 748?
2, 11, 17
What are the prime factors of 792?
2, 3, 11
List the prime factors of 19401.
3, 29, 223
List the prime factors of 6247.
6247
List the prime factors of 21111.
3, 31, 227
What are the prime factors of 22788?
2, 3, 211
List the prime factors of 9269.
13, 23, 31
What are the prime factors of 769?
769
List the prime factors of 2275.
5, 7, 13
List the prime factors of 422.
2, 211
What are the prime factors of 6588?
2, 3, 61
List the prime factors of 4492.
2, 1123
What are the prime factors of 1814?
2, 907
List the prime factors of 43361.
131, 331
List the prime factors of 776.
2, 97
What are the prime factors of 3393?
3, 13, 29
What are the prime factors of 41529?
3, 109, 127
What are the prime factors of 1958?
2, 11, 89
What are the prime factors of 10969?
7, 1567
What are the prime factors of 2157?
3, 719
What are the prime factors of 375?
3, 5
List the prime factors of 6111.
3, 7, 97
What are the prime factors of 3393?
3, 13, 29
What are the prime factors of 3189?
3, 1063
List the prime factors of 68831.
7, 9833
List the prime factors of 1060.
2, 5, 53
What are the prime factors of 1099?
7, 157
What are the prime factors of 294?
2, 3, 7
List the prime factors of 54438.
2, 3, 43, 211
List the prime factors of 11866.
2, 17, 349
What are the prime factors of 1252?
2, 313
What are the prime factors of 1013?
1013
List the prime factors of 356.
2, 89
List the prime factors of 174206.
2, 87103
List the prime factors of 5216.
2, 163
What are the prime factors of 5817?
3, 7, 277
What are the prime factors of 125113?
125113
What are the prime factors of 1589?
7, 227
What are the prime factors of 4093?
4093
What are the prime factors of 656?
2, 41
What are the prime factors of 23539?
23539
What are the prime factors of 623?
7, 89
List the prime factors of 434.
2, 7, 31
List the prime factors of 4266.
2, 3, 79
List the prime factors of 32669.
7, 13, 359
List the prime factors of 1052.
2, 263
What are the prime factors of 2155?
5, 431
What are the prime factors of 16588?
2, 11, 13, 29
List the prime factors of 7925.
5, 317
What are the prime factors of 8566?
2, 4283
What are the prime factors of 1208?
2, 151
What are the prime factors of 16246?
2, 8123
List the prime factors of 1054.
2, 17, 31
List the prime factors of 12874.
2, 41, 157
What are the prime factors of 3217?
3217
What are the prime factors of 1235?
5, 13, 19
What are the prime factors of 19446?
2, 3, 7, 463
List the prime factors of 1575.
3, 5, 7
List the prime factors of 4651.
4651
List the prime factors of 36599.
36599
What are the prime factors of 819?
3, 7, 13
List the prime factors of 100619.
239, 421
List the prime factors of 19795.
5, 37, 107
What are the prime factors of 2702?
2, 7, 193
List the prime factors of 22780.
2, 5, 17, 67
What are the prime factors of 37342?
2, 18671
List the prime factors of 2520.
2, 3, 5, 7
List the prime factors of 9395.
5, 1879
List the prime factors of 54610.
2, 5, 43, 127
What are the prime factors of 21391?
21391
What are the prime factors of 206971?
139, 1489
What are the prime factors of 24104?
2, 23, 131
What are the prime factors of 59033?
13, 19, 239
List the prime factors of 7640.
2, 5, 191
List the prime factors of 96.
2, 3
What are the prime factors of 719?
719
What are the prime factors of 1155?
3, 5, 7, 11
List the prime factors of 26449.
26449
List the prime factors of 1191.
3, 397
List the prime factors of 321.
3, 107
List the prime factors of 6221.
6221
List the prime factors of 3456.
2, 3
What are the prime factors of 145900?
2, 5, 1459
List the prime factors of 1842.
2, 3, 307
List the prime factors of 4132.
2, 1033
What are the prime factors of 554?
2, 277
List the prime factors of 1209.
3, 13, 31
What are the prime factors of 258?
2, 3, 43
What are the prime factors of 16814?
2, 7, 1201
List the prime factors of 141.
3, 47
List the prime factors of 781.
11, 71
What are the prime factors of 43057?
7, 6151
List the prime factors of 23272.
2, 2909
What are the prime factors of 1318?
2, 659
List the prime factors of 2477.
2477
What are the prime factors of 5647?
5647
List the prime factors of 4713.
3, 1571
List the prime factors of 437.
19, 23
List the prime factors of 2850.
2, 3, 5, 19
List the prime factors of 25836.
2, 3, 2153
What are the prime factors of 424?
2, 53
What are the prime factors of 1516?
2, 379
List the prime factors of 1784.
2, 223
List the prime factors of 2654.
2, 1327
What are the prime factors of 2306?
2, 1153
What are the prime factors of 209?
11, 19
What are the prime factors of 38170?
2, 5, 11, 347
List the prime factors of 989.
23, 43
List the prime factors of 969.
3, 17, 19
What are the prime factors of 17965?
5, 3593
List the prime factors of 3018.
2, 3, 503
List the prime factors of 10281.
3, 23, 149
List the prime factors of 19694.
2, 43, 229
What are the prime factors of 5908?
2, 7, 211
What are the prime factors of 6227?
13, 479
What are the prime factors of 16514?
2, 23, 359
List the prime factors of 2192.
2, 137
List the prime factors of 16994.
2, 29, 293
What are the prime factors of 6986?
2, 7, 499
List the prime 